n(y) = y**2 + 39*y + 296. Let s(a) = -9*i(a) + 2*n(a). Calculate s(-6).
79
Suppose 0 = j, -9*j = o - 7*j - 5. Let r(i) = -o + 3 + 42*i**2 + 2*i - 16*i**2 - 5*i**2 - 18*i**2. Determine r(1).
3
Let l(c) = c**2 - 7*c + 2. Let n = 673 - -49. Let q = -714 + n. Determine l(q).
10
Let f be -5*5/(-50)*-2. Let s be (-21)/6*f/((-3)/(-6)). Let c(z) = s*z - 7*z**2 + 88*z**3 - z**2 - 3 - 89*z**3. Determine c(-9).
15
Let q(y) = 7*y**3 - 24*y**2 - 40*y - 111. Let z(f) = -9*f**3 + 20*f**2 + 42*f + 112. Let t(n) = -4*q(n) - 3*z(n). Give t(37).
-3
Let n(u) = u + 4. Suppose -4*a = 5*b - 404, -4*a + 2*a - 158 = -2*b. Suppose -b - 18 = -7*c. Let y be ((-1)/2)/(1/c). What is n(y)?
-3
Let p(j) be the second derivative of j**5/20 + 13*j**4/12 - 13*j**3/6 + 8*j**2 + j. Suppose 0 = -975*y - 11828 - 1822. Calculate p(y).
2
Let c(i) = -i**3 - 2*i**2 + 4*i + 2. Let f(l) = 28*l - 5. Let o be f(1). Let g be o + (5/(15/(-9)) - -1). Suppose g = -5*d - 2*d. Determine c(d).
-1
Let h(c) = c**3 - c**2 - 5*c + 2. Let y be (-17 - (-20 - 4)) + (3 - 8). Give h(y).
-4
Let v(i) = -393 + 264 + 116 - 2*i. Let w be (-3)/(-6) + (-42)/4. What is v(w)?
7
Let q(d) be the second derivative of -d**3/2 - 4*d**2 + 2*d. Suppose -558 = 9*b - 504. Calculate q(b).
10
Let x(t) = t - 1. Let j(y) = -2*y - 2. Let q(o) = j(o) - 3*x(o). Let p(k) = -2*k**2 - 29*k - 51. Let f be p(-2). What is q(f)?
6
Suppose -17*a + 156 = 5*a + 4*a. Let r(g) = g**3 - 7*g**2 + 3*g + 23. What is r(a)?
5
Let h(p) = -7*p - 6 - 4*p - p + 2*p. Let r(s) = -s. Let n(u) = -h(u) + 12*r(u). Let v = -157 + 151. Calculate n(v).
18
Let c(d) = 5*d - 32. Let g be c(7). Let k(t) = -357*t**3 - 351*t**3 + 695*t**3 + g*t - 2 - t**2. Determine k(1).
-13
Let w = -27039 + 27038. Let s(o) be the second derivative of -11*o**5/20 - o**4/12 - o**3/6 - o**2/2 - o. Give s(w).
10
Let n(g) = g - 1. Suppose 5*j - 4*v = 38 - 129, 2*j = 3*v - 42. Let f = -287 + 305. Let m be (f/(-45))/((-1)/j). Calculate n(m).
-7
Let j(i) = i**3 - 5*i**2 - 4*i. Let w = 34 - 84. Let z = w - 28. Let s = z - -84. Give j(s).
12
Let g(v) = -52*v + 2 - 53*v + 158*v - 35*v - 39*v. Let a = 64 - 62. Determine g(a).
-40
Let t(g) = 2*g**3 - 2*g**2 - 4*g + 5. Let b(f) = 3*f**2 + 16*f - 41. Let z be b(2). Give t(z).
29
Suppose 4*o - 16 = -2*r - 0*r, -4*o + 16 = r. Suppose r = -13*f - 17 - 9. Let h(p) = -2*p**3 + p**2. Give h(f).
20
Let j(i) = 3*i**3 - 17*i**2 - 2*i + 24. Let t(c) = -19*c**3 + 103*c**2 + 12*c - 146. Let p(u) = 25*j(u) + 4*t(u). Calculate p(-13).
42
Let d(l) be the first derivative of l**5/60 - l**4/8 - 4*l**3/3 - 84*l**2 - 17. Let s(x) be the second derivative of d(x). Give s(4).
-4
Let b(k) = -47*k - 419. Suppose 3*f - 21 = 4*d, -72*f = -69*f + 15. What is b(d)?
4
Let a(q) = -676*q**3 - 8*q**2 + 352*q**3 - 9 + 323*q**3 - 6 - 13*q. What is a(-6)?
-9
Let f(j) = 4*j - 39. Let r = -3615 - -3622. What is f(r)?
-11
Let l(i) = 2*i**2 + 4*i + 3. Let t be l(-2). Let v(z) = -2*z**3 + 4*z**2 - 2. Let o(c) = 2*c - 3. Let k(u) = 2*o(u) - v(u). Determine k(t).
26
Let u(y) = 2*y**2 + 5*y - 27. Let x(b) = -2*b**2 - 2*b + 15. Let i(g) = 2*u(g) + 3*x(g). Give i(2).
-9
Let r(s) = -s + 4. Suppose 4*q = -4*n - 352, 3*q + 96 = -5*n + 4*n. Let a = -81 - n. Give r(a).
1
Let c(a) = 6*a**3 + 2*a**2 - a. Let j(z) = -35*z**3 - 5*z**2 + 17*z - 11. Let n(s) = 6*c(s) + j(s). Give n(-6).
-41
Let x(g) = 8*g + 5. Let q(p) = 3*p + 6. Let f(y) = 4*q(y) - 5*x(y). What is f(2)?
-57
Let n be 66/15 - 4/10. Let c(t) = -1383 + 5*t**3 + 3*t + n*t**2 - 1382 - 4*t**3 + 2762. Give c(-3).
-3
Let f(q) = -q - 90 + 211 - 213 - 2*q. Determine f(-31).
1
Let m(a) = -a**2 - 5*a - 1. Suppose p - 4*p - 30 = -3*z, -41 = -5*z - 4*p. Suppose 0 = 5*x - z*x + 40. Suppose 3*o + 6 = -4*g + 5*g, -5*o = 3*g + x. Give m(o).
5
Suppose 0 = 13*c - 2559 + 11. Suppose c*k = 198*k - 10. Let a(b) = b - 6. Determine a(k).
-1
Let t(y) = -14 + 20 - 23*y + 21*y - 5 + 62*y**3. What is t(1)?
61
Let u(l) = -l**3 + 9*l**2 + 3*l - 4. Let r(w) = w**3 + 11*w**2 - 43*w - 17. Let p be r(-14). Let h be (9/7)/((p/(-21))/1). Calculate u(h).
23
Let m = 54 - 50. Let l(z) = -29 + 15 + 17 + m*z. Let v(g) = -1. Let a(s) = l(s) + 2*v(s). Give a(-1).
-3
Suppose -80*p + 85*p - 3*z + 13 = 0, -3 = -3*z. Let a(d) = -d - 8. Determine a(p).
-6
Suppose -4*w = 18*a - 17*a - 4, 2*a = -4*w + 4. Let o(n) be the second derivative of 0 - 6*n + 2/5*n**5 + a*n**3 - 1/2*n**2 + 0*n**4. Calculate o(1).
7
Let q(k) = -k**2 + 5*k + 3. Let o(u) = u**3 + u**2 + u + 4. Let c be o(0). Suppose -4*a + 31 = -3*d, -c*d - 12 = -13*a + 15*a. Determine q(a).
7
Suppose -8 = 4*d + 8, -l - 5*d - 25 = 0. Let n(o) be the second derivative of 10*o + 0 + 1/12*o**4 + 2/3*o**3 - 3/2*o**2. Calculate n(l).
2
Let g(t) be the third derivative of -17*t**4/24 + 19*t**2. Let n be 6/4*(-9 + 11). Suppose -n*x + 0*x + 3 = -3*h, 5*h = x - 1. What is g(x)?
-17
Let h(g) = 14*g - 169. Let k(v) = 27*v - 343. Let m(j) = 11*h(j) - 6*k(j). Let w be m(25). Let f(d) = 20*d**2 - d - 1. Give f(w).
20
Let i(u) = -u - 7. Let p(h) = -h**2 + 10*h + 2. Let s be (40/(-12))/(2/(-6)). Let j be p(s). Suppose t - j = 3. Determine i(t).
-12
Let t(o) = -3*o**3 + 26*o**2 + 8*o + 18. Let m = -44223 + 44232. Calculate t(m).
9
Let b(v) = 6*v - 19*v - 31*v**2 + 27*v**2 - 13 - 8*v. What is b(-5)?
-8
Let s(y) = 9*y + 5. Suppose -o - 2 = 3*k, -2*o = 3*o + 2*k + 10. Let j be s(o). Let g = j + 17. Let r(h) = -h**3 + 5*h**2 - 3*h - 5. Determine r(g).
-1
Let g(p) = 9*p + 29. Let j be 2/8 - 1863/108. Let i(y) = 3*y + 10. Let q(c) = j*i(c) + 6*g(c). What is q(6)?
22
Let y = 91 + -88. Suppose y*a = a - 6. Let z(f) be the third derivative of -f**6/120 - f**5/30 + f**4/8 - f**3/6 - f**2. Determine z(a).
-1
Let v(x) = -130*x + 66 + x**2 + 120 + 68*x + 28*x. Determine v(27).
-3
Suppose 4*s = 9*s + 50. Let f(y) = 34*y - 10*y**2 + 41*y + 34*y - 110*y - y**3 + 1. Determine f(s).
11
Let i(p) = 21*p + 40. Let w(r) = 45*r + 80. Let a(s) = 13*i(s) - 6*w(s). Let b be a(-12). Let n(y) = -9*y + 3. Calculate n(b).
-33
Let w(a) = -458 + 3*a + a**2 + 139 + 315. Let y be 6/(2 + -2 + -1). Calculate w(y).
14
Let l = -153 - -375. Let h(c) = -450 - 5*c + l + 223 - c**2. Determine h(-6).
-11
Let n(c) be the second derivative of -c**5/20 - 15*c**4/4 + 22*c**3/3 - 93*c**2/2 + c + 625. Give n(-46).
-1
Let n be 4 + (-1)/(-8) + 1236/96. Let b = n + -24. Let x(c) = c**3 + 8*c**2 + 7*c - 2. What is x(b)?
-2
Let u = 367 - 365. Let z(i) = i**2 - 33*i + 31*i - 2 - 2*i**u. What is z(-2)?
-2
Suppose -2*r + 9*r - 35 = 0. Let y be 11/(r*2/50). Let o = y - 52. Let c(v) = v**2 - 6*v - 4. Calculate c(o).
-13
Let g(w) be the third derivative of w**8/6720 + w**7/2520 - w**5/15 + 7*w**4/4 + w**2 - 8. Let i(f) be the second derivative of g(f). Calculate i(0).
-8
Let m(p) = -8*p**3 - 2*p - 11*p**3 + 3 - p**3 + 0 + 2*p**2 + 21*p**3. Suppose 0*v = 6*v + 30. Let h = v + 2. Calculate m(h).
0
Let z(c) = 14*c**3 - 2*c**2 - 12*c - 26. Let x(o) = -24*o**3 + 2*o**2 + 23*o + 48. Let b(l) = -3*x(l) - 5*z(l). Calculate b(-4).
-42
Let o(k) be the second derivative of -k**3/6 + 7*k**2/2 + 12*k - 10. Let m be (-6)/(-9) - 25/(-3). What is o(m)?
-2
Let i(y) = y**3 + 2*y**2 + 2*y - 1. Suppose 3*j = 7*j. Suppose 3*l + l + 8 = j. Give i(l).
-5
Let m(a) = -a**3 + 8*a**2 - 5*a - 2. Let q(c) = c - 2. Let j be q(2). Let o be (2/(-1))/((-844)/2954). Let x = o + j. What is m(x)?
12
Let j be 2*((-10)/(-25) + (-129)/10). Let s = -23 - j. Let z(r) be the third derivative of r**4/12 - r**3/3 + 38*r**2. Give z(s).
2
Let v(r) = 8*r. Let z(b) = -b - 543 - 6*b + 544. Let i(n) = 3*v(n) + 4*z(n). What is i(-5)?
24
Suppose -15*y - 52 = -5*a - 16*y, 2*a + 3*y = 26. Suppose 6*z = -28 + a. Let h(n) = -2*n**2 - 2*n + 0*n + 3*n**2 - 4. Give h(z).
11
Let x = 91842 + -91849. Let r(i) be the third derivative of -5*i**4/24 - 37*i**3/6 + i**2. What is r(x)?
-2
Let y(o) = o**3 - 4*o**2 - 93*o - 40. Let s be y(12). Let g(x) be the third derivative of -x**5/60 - x**4/24 + 8*x**3/3 - 4*x**2. Give g(s).
4
Let b(s) be the first derivative of s**4/4 - 11*s**3/3 - s**2/2 + 18*s - 7510. Calculate b(11).
7
Let q(r) = -r**2 + 12. Let t(x) = -326*x - 8469. Let f be t(-26). What is q(f)?
-37
Let o = 110 + -108. Let r(k) = -5*k - 2. Determine r(o).
-12
Let a be -12*((-35)/(-6))/(-35). Let w = 5 - -1. Suppose -w*o = a*o + 32. Let n(h) = h + 2. Calculat